 o be 336/7*c/(-4). What is the greatest common divisor of o and 18?
18
Let z = -935 + 937. What is the greatest common divisor of z and 157?
1
Let d = -66 + 138. Let f(c) = -50*c**3 - c**2 + c + 1. Let q be f(-1). Let t be (336/q)/(3/21). Calculate the highest common factor of t and d.
24
Suppose -438 = -18*h + 15*h. Let b = 156 - h. Calculate the greatest common factor of b and 20.
10
Let p be 20/(-8)*(-24)/2. Suppose 16 = -0*r - 4*r, -2*f = 2*r + 116. Let d be (-12)/f - 8632/(-36). What is the highest common divisor of d and p?
30
Let j(u) = 52*u + 1232. Let r be j(-8). What is the highest common factor of r and 656?
16
Let p be -2401 - ((-8)/(-4))/2. Let x be ((-30)/(-24) - p/(-8))*-1. What is the greatest common factor of 23 and x?
23
Suppose 2*a = 3*k + 1 - 15, -k - 4*a = 0. Suppose -k*d - 36 = 3*g, -d - g = g + 9. Let w be (-36)/27*2/4*d. What is the highest common factor of 42 and w?
6
Suppose 13*t - 821 = -2*o, 2*o + 4*t + 4 - 744 = 0. What is the highest common factor of 1716 and o?
44
Let z = -6829 + 6863. Calculate the greatest common factor of z and 7174.
34
Let k(v) = -6*v - 37. Let f be k(-9). Suppose 34 = c - f. Calculate the greatest common divisor of c and 340.
17
Suppose -c - 30*c - 26*c = -7011. What is the highest common divisor of c and 429?
3
Suppose 364 - 7 = 3*h. Suppose 7*y + 104 = 293. Suppose -132 = -15*i - y. What is the greatest common factor of i and h?
7
Let a(j) = 26*j**2 - 14*j + 10. Let n be a(2). What is the greatest common factor of 1548 and n?
86
Let y be 2/(16/(-20))*136/(-5). Let c = y + -40. Calculate the highest common factor of c and 77.
7
Let h(z) = 4*z - 29. Let s be h(26). Let i(n) = 3*n**2 - n - 1. Let y be i(-1). What is the highest common factor of y and s?
3
Let v = 856 + -576. Calculate the highest common divisor of v and 15.
5
Suppose -29 = -4*g - 13. Let f(p) = -1 - 1 - g*p**2 + 27*p**2. Let m be f(2). Calculate the highest common divisor of m and 18.
18
Suppose 4*i - 18 = -2*i. Suppose -32*d = -36*d - 16, i*l - 199 = d. Calculate the highest common divisor of 65 and l.
65
Suppose 3*m - 314 = n - 5*n, -424 = -4*m - 4*n. Suppose -5*h + 3*h = -44. What is the greatest common divisor of m and h?
22
Let u(r) = r**2 + 31*r + 136. Let k be u(-26). Suppose 147*m - 153*m = -k. Calculate the greatest common divisor of m and 11.
1
Suppose 4*q = -2*z + 278 + 400, -3*q + 2*z + 512 = 0. What is the highest common factor of q and 3340?
10
Suppose -91*b = -63*b - 84. Let v be 15/(-6)*24/(-15). Calculate the greatest common divisor of b and v.
1
Let x(h) = -h**3 + 8*h**2 + 11*h - 8. Let q be x(9). Suppose 5*m = 15, -2*d + 3*m + 214 = 3. What is the greatest common factor of q and d?
10
Let z = 63 + 17. Let d = 149 + -129. Suppose -a = -2*m + d, 2*m + 0*m - 20 = 3*a. Calculate the highest common divisor of z and m.
10
Suppose -4*v = 4*o + v - 1143, 896 = 3*o - 4*v. Let r = -222 + o. Suppose -j - 6 + 16 = 0. What is the greatest common factor of r and j?
10
Suppose 13*j = -34*j - 10*j + 1254. Suppose -562 = -4*y + 2*t, -3*t - 63 - 208 = -2*y. What is the greatest common divisor of j and y?
11
Let j be 6/7*3640/120. Calculate the greatest common divisor of j and 689.
13
Let l be (4/3)/(8/228). Suppose 4*r - 58 = l. Suppose 3*w = w + r. Calculate the highest common factor of w and 12.
12
Let l be 29711/33 + -12 - (-5)/(15/2). Calculate the highest common factor of 2921 and l.
127
Suppose 0 = 113*p + 25*p - 2208. What is the greatest common divisor of 61 and p?
1
Suppose -3*u + r = -3, 0*u + 6 = -2*u - 2*r. Suppose -c - 2 + 6 = u, 138 = y - 2*c. Calculate the highest common divisor of y and 73.
73
Suppose 0 = 5*s + 5*q - 8 - 2, 0 = -3*q - 15. Suppose 10 = -h - s. Let r be (h + 2)/(6/(-24)). Calculate the greatest common divisor of r and 5.
5
Let f = -1277 + 1664. Calculate the highest common factor of 688 and f.
43
Let x be (-708)/576*-4 + (-2)/(-24). Let j(a) = 27*a + 1. Let q be j(2). Calculate the highest common factor of q and x.
5
Suppose -x + 107 = 3*p + 23, p - 50 = -4*x. What is the highest common divisor of 3484 and p?
26
Suppose 5*k = v + 400, 0 = -5*k + 36*v - 33*v + 400. What is the highest common factor of 2432 and k?
16
Let b(l) be the second derivative of -l**5/20 - 2*l**4/3 + 35*l**3/6 + 29*l**2/2 - 5*l + 1. Let q be b(-11). Calculate the greatest common divisor of 42 and q.
7
Suppose 3*b - 3 - 18 = 0. Suppose 24 = -w + b*w. Suppose 25 = 5*u - y, w*y = -0*u + 2*u - 10. What is the greatest common factor of u and 5?
5
Let q be (6/18)/(2/6). Let f(t) = -7*t**3 - 4*t**2 - 3*t - 1. Let r be f(-1). What is the highest common divisor of r and q?
1
Let d be (-1)/(88/(-33) + 2) - (-111)/2. Calculate the greatest common divisor of 5301 and d.
57
Let b be 2112/80*(1/(-1) + 298 - 2). Calculate the highest common divisor of b and 11.
11
Suppose 481 = -65*w - 53*w + 4375. Calculate the highest common factor of 14652 and w.
33
Let z be 13 - 19 - ((-4)/6 + 102980/(-60)). What is the greatest common divisor of z and 531?
59
Let f(c) = 3*c**2 + 14*c - 8. Let s be f(-5). Let b be (4 + s)/(5/(105 + 0)). Calculate the highest common divisor of b and 105.
21
Let y = -8 + 14. Let m(j) = -j**3 + 12*j**2 - 22*j + 23. Let o = 319 + -309. Let r be m(o). What is the greatest common factor of r and y?
3
Let s(u) = -90*u + 60. Let c = -87 + 79. Let p be s(c). Calculate the greatest common factor of p and 26.
26
Let d(n) = n**3 + n**2 - 4*n. Let c be d(4). Let r(l) = 102*l + 43. Let o be r(5). Let p = o + -393. What is the highest common factor of c and p?
32
Suppose 124*b + 43385 - 89028 = 94849. Calculate the highest common factor of b and 33.
11
Let b = 121 - 71. Suppose -g + 5*d = -b - 34, d - 316 = -5*g. Suppose 2*l - 33 = -1. What is the greatest common divisor of l and g?
16
Let v(u) = 24*u**2 + 7*u + 7. Let z be v(-5). Let h = z - 268. Let t(i) = 43*i - 2456. Let b be t(58). What is the greatest common factor of h and b?
38
Let p be (-22)/12*233988/(-74). Calculate the highest common divisor of p and 187.
187
Let k(z) = 45*z**3 + 6*z**2 - 7*z + 8. Let m be k(2). Suppose -5*y + m = 3*n, 116*n = -4*y + 119*n + 324. What is the greatest common factor of y and 273?
39
Suppose 4*y - 36 = -0*y. Let c be (y/4)/((-1)/(-4)). Let s = -54674 + 54719. What is the greatest common divisor of c and s?
9
Let b be ((7 - 343)/4)/((-4)/6). Let h = -147 - -150. Let z(m) = 15*m - 3. Let k be z(h). What is the highest common factor of b and k?
42
Suppose 45*r = 41*r + 3*p + 82215, -3*p - 20565 = -r. Calculate the greatest common divisor of r and 150.
150
Let h = 25 + 91. Let i be (29 + 0)/(((-32)/(-4))/8). What is the highest common factor of h and i?
29
Suppose -33*a = -31*a - 2*n - 13892, 3*a - 7*n = 20830. What is the greatest common factor of 8 and a?
4
Let w be -5 - 8 - 3286/(-53). Calculate the greatest common divisor of w and 721.
7
Let p(g) = 8262*g**3 - g**2 - 11*g + 12. Let n be p(1). What is the greatest common divisor of n and 51?
51
Let s(f) = 2767*f - 22064. Let t be s(8). What is the highest common factor of t and 752?
8
Let c be 239/717 - ((-533)/3 + 1). What is the greatest common factor of 944 and c?
59
Suppose 0 = -3*r + 4*y + 2950, 4965 = 2*r + 3*r + 3*y. Calculate the greatest common divisor of 1815 and r.
165
Let n(j) = -15*j**2 - 13*j**2 + 36 - 17*j + 31*j**2. Let y be n(6). Calculate the highest common factor of 154 and y.
14
Suppose 2*j + 2*j - 10*w - 18420 = 0, w = -6. What is the greatest common divisor of j and 20?
10
Suppose -63 = 3*k - 12*k. Suppose -6*q - k = -25. Let b(z) = 4*z**2 - 8*z + 2. Let p be b(q). Calculate the greatest common divisor of 7 and p.
7
Let z = 1405 + -430. What is the highest common divisor of z and 465?
15
Let h = 10 - 7. Let q(g) = g**3 - g**2 - g - 10. Let r be q(h). Suppose r*i - 2 = 23. Calculate the highest common factor of 50 and i.
5
Let q(h) be the first derivative of h**4/4 + 4*h**3 + 11*h**2/2 + 20*h + 81. Let i be q(-11). Calculate the highest common divisor of 80 and i.
20
Suppose -2*n = -3*g - 1132, 1947 = 4*n - 4*g - 309. Suppose -1 = b + s - n, -b = -s - 559. Calculate the greatest common factor of b and 43.
43
Suppose 27864 = -220*w + 228*w. Calculate the highest common divisor of 81 and w.
81
Let c be 0/(-2) - (1 - 7). Suppose -3*m = -3*a - 36, -53 = -4*m - 16*a +